27 = 4*b - 3*d. List the prime factors of b.
3, 359
Let b(j) = -j**3 + 26*j**2 + 74*j - 1138. What are the prime factors of b(19)?
5, 13, 43
Let l = 17750 - 10241. List the prime factors of l.
3, 2503
Suppose -7*y + 16*y - 100834 = -10402. List the prime factors of y.
2, 157
What are the prime factors of 88150/3 - 95/((-2280)/16)?
2, 3673
Let y be -6 + (3/9 - 952/(-51)). Let c(d) = 17*d + 16*d - d**2 + 0*d**2 + 27 - 12*d. List the prime factors of c(y).
131
Let b(i) = 227*i**2 + 3*i - 2. Let a be b(-2). Suppose a = 5*d + 5*s, 4*s + 366 = 2*d + 3*s. List the prime factors of d.
2, 7, 13
Suppose 70*t = 73*t - 9, -3*a + 4*t = -12114. What are the prime factors of a?
2, 43, 47
What are the prime factors of (2480/48 + 19)*36*(-140)/(-8)?
2, 3, 5, 7, 53
List the prime factors of (143496/54 - -19)/((-2)/(-6)).
7, 31, 37
Let n = 559 - -2422. What are the prime factors of n?
11, 271
Suppose 5*x - 2174 = 506. Let p = 776 - x. Suppose 4*u + 2*u = p. What are the prime factors of u?
2, 5
Let p be (77949/15)/9 - 9/(-15). Suppose -x + p = -b, 11 = x + b - 559. List the prime factors of x.
2, 7, 41
Let b = 10436 - 6161. What are the prime factors of b?
3, 5, 19
Let c = 462 + -966. Let n = c - -976. What are the prime factors of n?
2, 59
Suppose 0 = 14*s - 12*s - 3206. Suppose 5*j + 273 = s. Suppose -h = 6*h - j. What are the prime factors of h?
2, 19
Suppose 0*u + 5*u = -2*g + 35, -u = -3*g - 24. Let j be 9 - (12 + -5 - 5). Suppose -u*a = -j*a - 88. What are the prime factors of a?
2, 11
Let b be 9 + -4 + -6 - (-1113)/(-1). Let f = b - -2074. What are the prime factors of f?
2, 3, 5
Suppose 37*i = 97*i - 600720. List the prime factors of i.
2, 2503
Let p = -136794 + 196568. What are the prime factors of p?
2, 11, 13, 19
Suppose -4*c + 3*h + 40493 + 18520 = 0, -5*c - 2*h + 73726 = 0. List the prime factors of c.
2, 3, 1229
Let v(k) = -9*k**3 + 82*k**2 + 8*k - 71. Let t(l) = 4*l**3 - 41*l**2 - 4*l + 36. Let j(f) = 5*t(f) + 2*v(f). What are the prime factors of j(21)?
5, 79
List the prime factors of (6474/5)/((-2)/((-320)/48)).
2, 13, 83
Let z(w) = 25*w - 139. Let v be (-6)/((-6)/(-28)*30/(-15)). What are the prime factors of z(v)?
211
Let x = 410 - 460. List the prime factors of (-40446)/x - (4 + 510/(-125)).
809
Suppose 4 = -48*k + 52*k. Let x(q) = 249*q**2 - 2*q + 1. List the prime factors of x(k).
2, 31
Suppose 11263*p = 11281*p - 141174. What are the prime factors of p?
11, 23, 31
Let s be ((110/20)/(-11))/(2/(-2584)). List the prime factors of 1 + s + -19 + 23.
3, 7, 31
Suppose 4*m + y = 20, -4*m + 17*y - 12*y = 4. Let k(u) be the third derivative of 11*u**4/24 - u**3/3 - u**2. List the prime factors of k(m).
2, 3, 7
What are the prime factors of 0*1/(-1) + 16092 + (-20 - -16)?
2, 2011
Suppose -3*a = 3*g - 11559, -23*a + 18*a + 5*g + 19275 = 0. List the prime factors of a.
2, 41, 47
Suppose -3*p = x + 3, -p + 3*x + 9 = 3*p. Suppose p*b + 3*b - 48 = -3*s, -2*b + 30 = 4*s. What are the prime factors of b?
17
Suppose 0 = 9*x + 36877 - 209659. List the prime factors of x.
2, 29, 331
Suppose 1250*l = 1325*l - 2482500. What are the prime factors of l?
2, 5, 331
Let j be (-2)/(-12) + 235/30 + -4. Suppose 11*v - 2310 = j*v. List the prime factors of v.
2, 3, 5, 11
Let t(l) = -l**3 - 24*l**2 + 27*l + 129. What are the prime factors of t(-26)?
19, 41
Let s = -257 + 261. Suppose 0 = -s*c - 11*c + 5820. What are the prime factors of c?
2, 97
Suppose 13*t - 22*t + 215856 = -5*f, 0 = 3*f. What are the prime factors of t?
2, 1499
Let h = 18175 + -10521. What are the prime factors of h?
2, 43, 89
Let m(u) = -u**3 + 28*u**2 + 30*u - 21. Let h be m(29). What are the prime factors of (10/(-1))/(h/(-296))?
2, 5, 37
Suppose -3242 = -26*w - 9664. Let b(o) = 14*o**3 - o**2 - 4. Let n be b(3). Let h = w + n. List the prime factors of h.
2, 59
Let h(g) = -6 - 1 - g + 7 + 15*g**2 - 1. Let p be h(-4). Suppose -p - 45 = -9*m. What are the prime factors of m?
2
Suppose 0 = 232*w - 147*w - 174335. List the prime factors of w.
7, 293
Let z(r) = -31 + 6*r**2 + 4*r**2 - 9*r**2 - 5*r + 0*r**2 - 4. List the prime factors of z(-20).
3, 5, 31
Let t(v) = -20*v + 3041. What are the prime factors of t(-24)?
7, 503
Suppose -194*q + 4473456 = 74*q. What are the prime factors of q?
2, 3, 13, 107
Let l(j) = 145*j**2 + 19*j - 100. List the prime factors of l(6).
2, 2617
Let o(u) = u**2 - 7*u + 15. Let t be o(4). Suppose -2*m + 477 = m. Suppose m + 507 = t*f. What are the prime factors of f?
2, 3, 37
Suppose -9*n + 9*n = 12*n - 21000. List the prime factors of n.
2, 5, 7
Suppose -9*s + 40 = -s. Suppose -s*x + 2061 - 726 = 0. List the prime factors of x.
3, 89
Let l be (-10)/(-2) - 2 - (1 + 0). Suppose -2*i - 24 = -5*k - 8, l*k - 13 = 3*i. Let r(p) = 25*p + 2. List the prime factors of r(k).
2, 13
Let i(a) = a**3 - 8*a**2 + a. Let q be i(4). Let p = 108 + q. Let j = 100 - p. List the prime factors of j.
2, 13
Suppose 0 = -14*r + 8*r + 2370. Suppose 5*a = 6*a - 4*s - r, 2*a - s - 755 = 0. List the prime factors of a.
3, 5
Suppose -78*m = -82*m. Suppose m = q + 9 + 1. List the prime factors of (-1953)/(-35) - 2/q.
2, 7
Let v be (-2496)/6 - (-3 + 0). Let c = v - -710. List the prime factors of c.
3, 11
Let m be 0 - (1 + -4)*28. Suppose -3*f + m = f. Suppose 26*o = f*o + 650. What are the prime factors of o?
2, 5, 13
Let g = 60185 - 40462. List the prime factors of g.
11, 163
Let y = -695 + 1574. Let j = y + 1100. List the prime factors of j.
1979
Suppose -5*w + 5*q = -102855, -134057 = -5*w - 4*q - 31193. List the prime factors of w.
2, 37, 139
What are the prime factors of (-904386)/(462/(-22)) + -4?
2, 3, 7177
Suppose -66*t + 286890 = -147258. What are the prime factors of t?
2, 11, 13, 23
Let d = -93 - 367. Let m = -275 - d. What are the prime factors of m?
5, 37
Let y = -4082 + 4078. Let c(u) = -105*u + 19. Let s(g) = 26*g - 5. Let b(r) = -2*c(r) - 9*s(r). List the prime factors of b(y).
103
Suppose -427746 = -13*o - 32832. List the prime factors of o.
2, 3, 61, 83
Let a(b) = 36*b**2 + 2. Let y(r) = -72*r**2 + r - 4. Let o(u) = 5*a(u) + 2*y(u). Let g be o(3). Suppose g = 10*q - 6*q. List the prime factors of q.
83
Suppose -167*r - 128146 = -508238. List the prime factors of r.
2, 569
Let f(b) = b**3 + 10*b**2 + 31*b + 137. List the prime factors of f(-6).
5, 19
Suppose 0 = 5*n, -4*q - 4 + 20 = 2*n. Suppose 7*v = 5*f + 3*v + 5, f + v = 8. List the prime factors of f + 1 - (q + -211).
211
Let q be -8*((-2)/(-4) + (-18 - -17)). Suppose -3*l - q = -l, g - 2*l - 74 = 0. List the prime factors of g.
2, 5, 7
Let j = 15 + -43. Let w = -25 - j. Suppose -w*t - 2*b + 455 = 0, t = 3*b + 156 - 8. List the prime factors of t.
151
Let v = -382 + 382. Let q(c) = -11*c + 278. List the prime factors of q(v).
2, 139
Let k(v) = 2*v**3 - v**2 - 66*v + 118. List the prime factors of k(14).
2, 2243
List the prime factors of (-5275335)/(-117) + -47 - (2/(-3) + 1).
73, 617
Suppose 4*k + 4*h = 20364, 0*h = 4*k - 2*h - 20388. Suppose 635 = -2*p + r + 2673, k = 5*p + r. What are the prime factors of p?
1019
Suppose -3*f = 2*c - 2*f - 84501, -3*f = -5*c + 211214. List the prime factors of c.
83, 509
Let l(x) = 2*x**3 - 32*x**2 + 209*x + 142. List the prime factors of l(27).
139, 157
List the prime factors of (29/(1972/(-12189)))/((-2)/72).
3, 239
Suppose 16*u - 716 - 25588 = 0. What are the prime factors of u?
2, 3, 137
Suppose -36 = -5*k + 2*w, 10*w - 13*w = k + 3. Let h(s) = -8*s + 54. List the prime factors of h(k).
2, 3
Let u(x) = -1268*x - 299. List the prime factors of u(-7).
3, 953
Let g(b) = 2*b + 12. Let y be g(-6). Suppose y = 5*h - 207 - 188. Suppose h = 3*s + 1. What are the prime factors of s?
2, 13
Let b = -121 - -188. Suppose 65*z + 160 = b*z. What are the prime factors of z?
2, 5
Suppose -9 = -3*i, -14*f + 10*f - 5*i = -7739. List the prime factors of f.
1931
Suppose -21*u + 22553 = -3445. Let g = u + -742. List the prime factors of g.
2, 31
Suppose -20*u - 3*u - 4*u = -386991. What are the prime factors of u?
11, 1303
Let z be (3 - (-560)/8) + 1*-8. Suppose -f + 11 - 2 = 0. Suppose -v + z = f. List the prime factors of v.
2, 7
Let o = -57 + 61. Suppose -5*t + 4*s + 5 = 0, -3*t + s - o*s + 30 = 0. List the prime factors of t.
5
List the prime factors of (-1 - 408)*(-14 - -24 - 11).
409
Suppose 3*m - 20 = -0*